{"id":2,"date":"2014-09-05T04:41:07","date_gmt":"2014-09-05T04:41:07","guid":{"rendered":"http:\/\/localhost\/wordpress-4.0\/wordpress\/?page_id=2"},"modified":"2018-03-13T13:45:21","modified_gmt":"2018-03-13T13:45:21","slug":"sample-page","status":"publish","type":"page","link":"https:\/\/eden-life.ch\/?page_id=2","title":{"rendered":"About"},"content":{"rendered":"<p class=\"clr\"><a href=\"http:\/\/eden-life.ch\/wp-content\/uploads\/2018\/03\/EDEN_Kalender_Freundschaft_201827_webseite.jpg\"><img loading=\"lazy\" class=\" wp-image-533 size-full aligncenter\" src=\"http:\/\/eden-life.ch\/wp-content\/uploads\/2018\/03\/EDEN_Kalender_Freundschaft_201827_webseite.jpg\" alt=\"\" width=\"448\" height=\"318\" srcset=\"https:\/\/eden-life.ch\/wp-content\/uploads\/2018\/03\/EDEN_Kalender_Freundschaft_201827_webseite.jpg 448w, https:\/\/eden-life.ch\/wp-content\/uploads\/2018\/03\/EDEN_Kalender_Freundschaft_201827_webseite-300x213.jpg 300w, https:\/\/eden-life.ch\/wp-content\/uploads\/2018\/03\/EDEN_Kalender_Freundschaft_201827_webseite-350x248.jpg 350w\" sizes=\"(max-width: 448px) 100vw, 448px\" \/><\/a><\/p>\n<p class=\"clr\"><strong>EDEN Life<\/strong> ist der Blog der\u00a0<strong>EDEN Training GmbH.<\/strong><\/p>\n<p class=\"clr\">Wir sind <strong>Entwicklungsspezialisten <\/strong>in den Bereichen: Leadership, Team und Pers\u00f6nlichkeit.<\/p>\n<p class=\"clr\">Wir entdecken und optimieren das Potenzial unserer Kunden durch <strong>Training und Coaching<\/strong>.<\/p>\n<p class=\"clr\">Wir helfen, durch <strong>menschliche Entwicklung unternehmerischen Erfolg<\/strong> zu erzielen.<\/p>\n<p class=\"clr\"><a href=\"http:\/\/eden-life.ch\/wp-content\/uploads\/2014\/09\/Bildschirmfoto-2014-10-03-um-12.22.31.png\"><img loading=\"lazy\" class=\" wp-image-78 aligncenter\" src=\"http:\/\/eden-life.ch\/wp-content\/uploads\/2014\/09\/Bildschirmfoto-2014-10-03-um-12.22.31-1024x427.png\" alt=\"Bildschirmfoto 2014-10-03 um 12.22.31\" width=\"613\" height=\"255\" srcset=\"https:\/\/eden-life.ch\/wp-content\/uploads\/2014\/09\/Bildschirmfoto-2014-10-03-um-12.22.31-1024x427.png 1024w, https:\/\/eden-life.ch\/wp-content\/uploads\/2014\/09\/Bildschirmfoto-2014-10-03-um-12.22.31-300x125.png 300w, https:\/\/eden-life.ch\/wp-content\/uploads\/2014\/09\/Bildschirmfoto-2014-10-03-um-12.22.31-350x146.png 350w, https:\/\/eden-life.ch\/wp-content\/uploads\/2014\/09\/Bildschirmfoto-2014-10-03-um-12.22.31-460x191.png 460w, https:\/\/eden-life.ch\/wp-content\/uploads\/2014\/09\/Bildschirmfoto-2014-10-03-um-12.22.31-770x321.png 770w, https:\/\/eden-life.ch\/wp-content\/uploads\/2014\/09\/Bildschirmfoto-2014-10-03-um-12.22.31-570x237.png 570w, https:\/\/eden-life.ch\/wp-content\/uploads\/2014\/09\/Bildschirmfoto-2014-10-03-um-12.22.31-940x392.png 940w, https:\/\/eden-life.ch\/wp-content\/uploads\/2014\/09\/Bildschirmfoto-2014-10-03-um-12.22.31.png 1754w\" sizes=\"(max-width: 613px) 100vw, 613px\" \/><\/a><\/p>\n<p class=\"clr\"><strong>We Empower<\/strong><br \/>\nWir unterst\u00fctzen Menschen und Organisationen, indem wir Bestehendes wertsch\u00e4tzen und dabei helfen, St\u00e4rken sowie Ressourcen zu entdecken. Wir optimieren das Potenzial unserer Kunden.<\/p>\n<p class=\"clr\"><strong>We Develop<\/strong><b>\u00a0<\/b><br \/>\nDurch menschliche Entwicklung erzielen wir wirtschaftliches Wachstum und Erfolg. In ganzheitlichen Trainings und Coachings entwickeln wir F\u00fchrungskr\u00e4fte, Teams und Pers\u00f6nlichkeiten. Wir unterst\u00fctzen Ihre Wachstumsprozesse, um mehr Leistung (Gewinnmaximierung) mit mehr Flow (Wohlbefinden) freizusetzen.<\/p>\n<p class=\"clr\"><strong>We Experience<\/strong><b>\u00a0<\/b><br \/>\nWir sind Spezialisten f\u00fcr handlungsorientiertes Lernen indoor und outdoor. Dabei nutzen wir die erlebte Handlung sowie die innere Haltung als Grundlage, um Erkenntnis und Entwicklung zu initiieren.<\/p>\n<p class=\"clr\"><strong>We Nature<\/strong><b>\u00a0<\/b><br \/>\nMit spezifisch ausgew\u00e4hlten Erlebnissen werden nat\u00fcrliche Entwicklungsprozesse entfaltet &#8211; wir st\u00e4rken St\u00e4rken und schw\u00e4chen Schw\u00e4chen.<\/p>\n","protected":false},"excerpt":{"rendered":"<p>EDEN Life ist der Blog der\u00a0EDEN Training GmbH. Wir sind Entwicklungsspezialisten in den Bereichen: Leadership, Team und Pers\u00f6nlichkeit. Wir entdecken und optimieren das Potenzial unserer Kunden durch Training und Coaching. Wir helfen, durch menschliche Entwicklung unternehmerischen Erfolg zu erzielen. We Empower Wir unterst\u00fctzen Menschen und Organisationen, indem wir Bestehendes wertsch\u00e4tzen und dabei helfen, St\u00e4rken sowie Ressourcen zu entdecken. Wir optimieren&nbsp;&hellip;<\/p>\n","protected":false},"author":3,"featured_media":78,"parent":0,"menu_order":0,"comment_status":"open","ping_status":"open","template":"","meta":[],"_links":{"self":[{"href":"https:\/\/eden-life.ch\/index.php?rest_route=\/wp\/v2\/pages\/2"}],"collection":[{"href":"https:\/\/eden-life.ch\/index.php?rest_route=\/wp\/v2\/pages"}],"about":[{"href":"https:\/\/eden-life.ch\/index.php?rest_route=\/wp\/v2\/types\/page"}],"author":[{"embeddable":true,"href":"https:\/\/eden-life.ch\/index.php?rest_route=\/wp\/v2\/users\/3"}],"replies":[{"embeddable":true,"href":"https:\/\/eden-life.ch\/index.php?rest_route=%2Fwp%2Fv2%2Fcomments&post=2"}],"version-history":[{"count":23,"href":"https:\/\/eden-life.ch\/index.php?rest_route=\/wp\/v2\/pages\/2\/revisions"}],"predecessor-version":[{"id":535,"href":"https:\/\/eden-life.ch\/index.php?rest_route=\/wp\/v2\/pages\/2\/revisions\/535"}],"wp:featuredmedia":[{"embeddable":true,"href":"https:\/\/eden-life.ch\/index.php?rest_route=\/wp\/v2\/media\/78"}],"wp:attachment":[{"href":"https:\/\/eden-life.ch\/index.php?rest_route=%2Fwp%2Fv2%2Fmedia&parent=2"}],"curies":[{"name":"wp","href":"https:\/\/api.w.org\/{rel}","templated":true}]}}